 + 102. What is the units digit of j?
2
Suppose -3*w + 277025 = 2*w - 21795. What is the tens digit of w?
6
Suppose 5*h - 2054 = 391. Suppose 11*x + h = 8*x. Let y = x + 347. What is the hundreds digit of y?
1
What is the units digit of 5*84776/40 + (-3)/(-9)*0?
7
Let q(r) = 366*r**2 + 228*r + 71. What is the thousands digit of q(9)?
1
Suppose 24*a - 26*a = 5*l - 89030, 71237 = 4*l - a. What is the units digit of l?
8
Suppose 4*c - 3*c = 4*s - 1380, -4*c = -s + 360. Suppose -n + 98 + s = 0. What is the hundreds digit of n?
4
Let z be (6 - 1) + (0 - -1). Suppose -12 + 684 = z*x. Let k = 195 - x. What is the tens digit of k?
8
Suppose 0 = -4*t - 339 - 189. Let f(x) = 16*x - 12. Let l be f(-7). Let a = l - t. What is the units digit of a?
8
Let z(o) = 10*o + 420*o**3 + 14 + o**2 + 7 + 6*o**2 - 419*o**3. Let p be z(-8). Let h = p + 297. What is the units digit of h?
4
Let m = -402 + 397. What is the tens digit of 97/3*3*6 + m?
7
Suppose -g = -5*g + 12. Suppose 0 = 2*y - 5*o + 106, -g*o + 4*o - 230 = 4*y. Let c = y - -94. What is the units digit of c?
6
Let o(u) = -2*u**2 - 22*u - 17. Suppose 9 + 141 = -15*g. What is the units digit of o(g)?
3
Let o = 571 + -529. What is the units digit of ((-1)/(-7) - 2400/o)*-13?
1
Let j(d) = 11*d + 22. Let i be j(2). Let q = -39 + i. Suppose -2*n = -q*n + 681. What is the units digit of n?
7
Suppose -3*t + 106060 = 17*t. Suppose -t + 155 = -12*f. What is the hundreds digit of f?
4
Let k = -243 + 223. Let g(l) = l**2 - 4*l - 37. What is the units digit of g(k)?
3
Let r = -10468 - -19182. What is the units digit of r?
4
Let z(o) = 129*o - 92. Let q be z(9). Suppose 0 = 3*d - 0*f - f - q, -3*f = -4*d + 1432. What is the units digit of d?
5
Suppose 6875*l = 2*i + 6879*l - 61788, -3*i + 92668 = 4*l. What is the hundreds digit of i?
8
Let l(q) = -q**3 + 20*q**2 + 47*q + 18. Let b be l(22). Let g = 10 + b. What is the tens digit of g?
9
Let w(i) = -42*i - 32. Suppose -6*z + 101 + 103 = 0. Let v = -39 + z. What is the units digit of w(v)?
8
Let g(l) = -6*l**2 + 29*l + 5. Let a be g(5). Suppose -8*c + 622 + 1002 = a. What is the hundreds digit of c?
2
What is the hundreds digit of 1 + 10/(-7) - 1266384/(-294)?
3
Let r(j) = 2*j + 16. Let l be r(-11). Let z be (-27491)/(-111) + 4/l + 0. Suppose 4*p - 3*p = -4*q + z, -q + p + 63 = 0. What is the tens digit of q?
6
Let h(o) = -3*o**3 + o**2 + 2*o + 2. Let t be h(-2). Suppose -t*y = 18*y - 11396. What is the units digit of y?
9
Let b = -29833 - -44391. What is the units digit of b?
8
Let j = -15 - -39. Let a(o) = -32 + 39 + 3*o - j*o. What is the hundreds digit of a(-6)?
1
Let c(m) = -2*m**3 - 5*m**2 - m + 16. Let w be c(-4). Let n(p) = 18*p + 3. Let o be n(4). Let k = o - w. What is the units digit of k?
7
What is the thousands digit of (19 - 579260/(-198))/(-2 - 19/(-9))?
6
Suppose 0 = y + 3*x - 13 + 1, -4*y - 4*x = -16. Suppose y*c + 6 = 3*c. Suppose 0 = 2*z + 3*g - 14 - 115, -169 = -c*z + 5*g. What is the tens digit of z?
7
Let c(b) = 222*b**2 + 76*b + 27. What is the hundreds digit of c(-10)?
4
Let q = 382 + -404. Let s(m) = 2*m**2 + 26*m - 59. What is the tens digit of s(q)?
3
Let g(u) = 10*u**2 - 164*u + 361. What is the tens digit of g(70)?
8
Let l(g) = -g**2 + 24*g + 27. Let m be l(25). What is the hundreds digit of (m/4)/((-33)/(-30426))?
4
What is the tens digit of ((-612)/(-54) + -12)/(6/(-116739))?
7
Suppose 3*k = -5*s - 7, 0 = 5*k + 3*s - s + 18. Let h be ((-2)/k)/(2/36). Suppose -179 + 44 = -h*z. What is the tens digit of z?
1
Let o = -633 - -1223. Suppose -o + 17 = -3*g. Suppose 4*j = 591 - g. What is the units digit of j?
0
Let f = 2559 - -1253. What is the tens digit of f?
1
Suppose -6*p = 2*p. Suppose p = 9*g - 10*g + 846. What is the hundreds digit of g?
8
Suppose 0 = -7*j - 0 + 14. Suppose s + j*s = 0. Suppose -2*l - 2*l - 2*u + 118 = s, -l + 33 = -3*u. What is the units digit of l?
0
Let f = 21 - 3. Let x be (-1 + -2)/(f/(-48)). Suppose -1181 = -17*p - x. What is the units digit of p?
9
Let o = 622 + -321. Let f = 41 + o. What is the tens digit of f?
4
Let m = -95 - -350. Suppose -6*v + 0 = -0. Suppose v = 8*c - 687 + m. What is the units digit of c?
4
Let q(x) be the second derivative of 4*x**5/5 - 13*x**4/12 + x**3 - 2*x**2 - 8*x - 8. What is the tens digit of q(4)?
3
Let b(o) = 956 - 477 + 3*o - 476. What is the units digit of b(6)?
1
Suppose 5*n + 58980 = 5*q, -5*n = -4*q + 8*q - 47139. Suppose 0 = 7*g - q + 1711. What is the hundreds digit of g?
4
Suppose -78199 = 41*q - 45*q - 3*r, 97775 = 5*q - 5*r. What is the tens digit of q?
5
Suppose -75*c + 1296426 + 980274 = -0*c. What is the ten thousands digit of c?
3
Let y = -31871 - -56780. What is the units digit of y?
9
Let c be (-2)/((-10)/35) + 1 + -4. Suppose 0 = 5*u + 20, 0*y = -y - 4*u - c. Suppose 5*x - v - v = 512, y = 3*v. What is the hundreds digit of x?
1
Let k(i) = 2*i - 55. Let y be (-88)/(-3) - 4/(-84)*-7. Let d be k(y). Suppose -m - p = -132, 3*m - d*p - 406 = -p. What is the hundreds digit of m?
1
Let f(i) be the second derivative of -i**4/12 - 4*i**3 + 47*i**2/2 + 13*i + 3. What is the hundreds digit of f(-13)?
1
Suppose 8*c = 6*c + 900. Let s(o) = -o**3 + 15*o**2 + 16*o + 4. Let x be s(16). Suppose 7*t - x*t + c = 3*h, 0 = -4*h - 5*t + 564. What is the units digit of h?
6
Suppose a + 2*b - 8 = 0, -5*a + 5 = -4*a + b. Let k = -524 - -859. Suppose -3*n - a*n + k = 0. What is the tens digit of n?
6
Suppose -6*l + 4 + 2 = 0. Let q be l/((-2)/(-256))*(-3 + 4). Suppose 2*b = b - 2*g + q, 675 = 5*b + 3*g. What is the tens digit of b?
3
Let c = -22525 + 33677. What is the units digit of c?
2
Suppose 105*k + 6 = 108*k. What is the tens digit of (-2)/k + (-44 - -325)?
8
Let s = -9315 + 44144. What is the ten thousands digit of s?
3
Suppose -21*u + 16*u + 116707 = 3*c, 0 = -2*u + 3*c + 46708. What is the units digit of u?
5
Let p = 144 + -958. Let c = -171 - p. What is the units digit of c?
3
What is the hundreds digit of 1770120/220*(2 + -1)?
0
Let l(c) = c**3 - 22*c**2 + 1. Let p be l(22). Let d be 1*(-1*p)/(1/(-3)). Suppose d*g = 12, 5*n - 4*g + 78 = 542. What is the tens digit of n?
9
Let g(o) = 2*o**3 - 10*o**2 + 9*o - 6. Let a be g(9). Suppose 12*b + a = 4935. What is the units digit of b?
1
What is the hundreds digit of 221/(-13) + 38270 + 4?
2
Suppose 260*o - 47*o - 7762146 = 0. What is the tens digit of o?
4
Suppose -5*j - 5*p = -50, -3*p - 16 = -7*p. Suppose -4*b + j*b + 218 = 0. Let i = b + 191. What is the tens digit of i?
8
Let q(a) = 6*a**2 + 22*a + 17. Let t = -359 - -352. What is the hundreds digit of q(t)?
1
Suppose 4*x + 5*h = -196, -4*x = h + 273 - 93. Let f be (8/(-22))/2 - (-1532)/x. Let q = 24 - f. What is the units digit of q?
9
Let j(t) = -6*t**3 - 39*t**2 - 32*t - 20. Let a be j(-10). Let x = a - 1200. What is the tens digit of x?
0
Let v(r) = r**2 + 17*r + 5. Let u be v(-12). Let x = u - -61. Suppose -5*j - 6 = -x*j. What is the units digit of j?
6
What is the ten thousands digit of 24/(76608/3482 - 22)?
2
Let a be ((-1914)/12 + 1)*-18. Suppose -10*v - a = -11523. What is the hundreds digit of v?
8
Suppose 5*x - 124265 = -5*p, -59*p = -54*p - 2*x - 124300. What is the thousands digit of p?
4
Let y(i) = i**2 - 9*i - 30. Suppose -10*b = 2*b - 228. What is the tens digit of y(b)?
6
Let j(u) = u**2 + 15*u - 78. Let n be j(-18). Let m(h) = -20*h + 118. What is the units digit of m(n)?
8
Let q(z) = z**3 + 10*z**2 + 12*z + 11. Let w = 25 + -34. Let n be q(w). Let s = n - -47. What is the tens digit of s?
3
Let a(l) = 797*l + 1633. What is the tens digit of a(19)?
7
Let z(n) = -3*n**2 - 2*n + 2. Let v be z(0). Suppose 2*b - 3*x - 494 = 0, 2*b + v*x - 496 = 4*x. What is the hundreds digit of b?
2
Suppose -4318 = -5*i - 898. Let q = i + -188. What is the units digit of q?
6
Let a(n) = 5*n**2 - 4 + 23*n - 22*n - n**2. Let c(m) = 20*m**2 + 3*m - 20. Let k(q) = 22*a(q) - 4*c(q). What is the hundreds digit of k(-6)?
2
Suppose -r - 625 = 3*n - 9828, -4*r + 5*n + 36744 = 0. What is the hundreds digit of r?
1
Let u(y) be the third derivative of -y**6/360 + y**5/10 - 3*y**3 + 11*y**2. Let h(w) be the first derivative of u(w). What is the tens digit of h(4)?
3
Let f = 916 + -184. Let u = f - 357. What is the units digit of u?
5
Let o = 26852 - 2298. What is the tens digit of o?
5
Supp